rue
Is 746153 prime?
True
Is 1803493 a prime number?
True
Is 5730771 a composite number?
True
Is 48888571 a prime number?
False
Is 28428451 a composite number?
False
Is 192989 a prime number?
False
Is 5591479 composite?
False
Is 44443781 a prime number?
False
Is 81962509 a composite number?
False
Is 175883299 a composite number?
True
Is 5215619 prime?
True
Is 11574883 a composite number?
True
Is 12358537 composite?
False
Is 266313 a composite number?
True
Is 16878937 composite?
True
Is 18057041 composite?
True
Is 24723077 a composite number?
False
Is 6330301 a prime number?
False
Is 25422671 composite?
False
Is 40142719 composite?
True
Is 59552777 a prime number?
True
Is 5622151 composite?
True
Is 12891647 composite?
False
Is 3122095 a prime number?
False
Is 115724093 composite?
False
Is 12131057 composite?
False
Is 237396251 composite?
False
Is 2146493 a prime number?
False
Is 33325249 a composite number?
True
Is 215713 a composite number?
True
Is 34721521 a composite number?
False
Is 15009286 composite?
True
Is 308930137 prime?
False
Is 14786633 a prime number?
True
Is 840017 composite?
True
Is 1352069 composite?
False
Is 10086821 a prime number?
False
Is 49101607 prime?
True
Is 12710051 a composite number?
False
Is 3225959 composite?
True
Is 84414965 a prime number?
False
Is 315604711 a prime number?
False
Is 51779797 a composite number?
False
Is 50058929 a composite number?
False
Is 1238227 composite?
True
Is 25753487 prime?
False
Is 223803518 a composite number?
True
Is 88165379 a composite number?
False
Is 29639399 a composite number?
True
Is 39665569 prime?
False
Is 44856599 a prime number?
False
Is 42083053 a prime number?
False
Is 3501679 a prime number?
True
Is 43815809 prime?
True
Is 117292471 composite?
False
Is 14356507 a prime number?
False
Is 247279 prime?
True
Is 25222777 composite?
False
Is 23532329 prime?
True
Is 428483 a composite number?
True
Is 31247759 a prime number?
True
Is 3016397 prime?
False
Is 4194049 a prime number?
False
Is 7394929 prime?
False
Is 27323519 composite?
False
Is 44219909 a composite number?
False
Is 323100403 composite?
False
Is 5702761 a prime number?
False
Is 85208237 a composite number?
True
Is 325458541 a composite number?
True
Is 20930113 a composite number?
False
Is 38439371 a prime number?
False
Is 25664074 composite?
True
Is 102806993 a prime number?
False
Is 24270313 composite?
True
Is 13484134 composite?
True
Is 749843 a prime number?
True
Is 697349 a composite number?
True
Is 662609 prime?
False
Is 253224277 a composite number?
True
Is 1113933 a prime number?
False
Is 7878289 composite?
False
Is 12079673 a composite number?
True
Is 38249857 composite?
False
Is 1644067 composite?
False
Is 5356499 a composite number?
True
Is 384817 a prime number?
True
Is 465316931 a composite number?
False
Is 4915711 composite?
False
Is 614580665 a prime number?
False
Is 56364547 a prime number?
False
Is 38996623 a prime number?
False
Is 29432059 a composite number?
False
Is 13134163 prime?
False
Is 56218859 composite?
False
Is 12583999 composite?
True
Is 1870307 prime?
True
Is 5404387 composite?
True
Is 344921 composite?
False
Is 9989121 a prime number?
False
Is 82790147 composite?
True
Is 3707221 prime?
False
Is 90358831 a prime number?
False
Is 15699163 a prime number?
True
Is 58758335 a composite number?
True
Is 30283 prime?
False
Is 931763 a prime number?
False
Is 177742261 composite?
False
Is 2185409 a prime number?
True
Is 1439927 composite?
False
Is 24997053 a prime number?
False
Is 11767699 prime?
True
Is 59391151 a composite number?
False
Is 61361819 a prime number?
False
Is 15576731 a composite number?
False
Is 1654973 a composite number?
True
Is 655489 composite?
False
Is 857201 prime?
True
Is 23683613 a prime number?
True
Is 7837241 prime?
True
Is 98739881 composite?
False
Is 6673169 prime?
True
Is 41254097 a composite number?
False
Is 7886 a composite number?
True
Is 4996309 a prime number?
True
Is 973681091 prime?
True
Is 4403747 composite?
False
Is 653076771 composite?
True
Is 875893 prime?
True
Is 660732599 composite?
False
Is 11177 prime?
True
Is 1498733 a prime number?
False
Is 272651669 a composite number?
False
Is 72612487 a prime number?
False
Is 180509741 composite?
True
Is 99035969 prime?
False
Is 11763859 prime?
True
Is 2123123 a composite number?
False
Is 25306969 composite?
True
Is 7524851 a composite number?
False
Is 393121 a composite number?
False
Is 6760541 a composite number?
False
Is 27773 a prime number?
True
Is 13647763 composite?
True
Is 359747 a composite number?
False
Is 38659085 a prime number?
False
Is 465844655 a composite number?
True
Is 98217299 a composite number?
True
Is 9646187 a composite number?
False
Is 2044127 prime?
True
Is 97940351 a composite number?
False
Is 2801543 a composite number?
False
Is 4945937 a composite number?
False
Is 1017085 composite?
True
Is 19271827 composite?
False
Is 1735199 composite?
False
Is 36053107 composite?
True
Is 13048403 a composite number?
False
Is 2831533 prime?
True
Is 3821381 a prime number?
False
Is 330823409 composite?
True
Is 216384227 a prime number?
True
Is 2806574 a prime number?
False
Is 14780489 a composite number?
False
Is 8724437 composite?
False
Is 195980819 composite?
False
Is 79143641 a composite number?
False
Is 171891169 prime?
True
Is 210061 composite?
True
Is 421241 composite?
False
Is 12432493 composite?
False
Is 39832255 composite?
True
Is 30517133 a prime number?
True
Is 4785433 a composite number?
True
Is 72277067 composite?
False
Is 2006603 a composite number?
False
Is 1191413 a composite number?
True
Is 8553019 a prime number?
False
Is 111600667 a prime number?
True
Is 68393197 a composite number?
False
Is 22972757 a prime number?
True
Is 27859771 a prime number?
True
Is 13731833 prime?
False
Is 355867601 prime?
True
Is 19232003 prime?
False
Is 2910533 composite?
False
Is 4251101 a prime number?
False
Is 133469626 prime?
False
Is 2582189 a prime number?
False
Is 1011859 a composite number?
True
Is 1737959 a prime number?
True
Is 8497283 a composite number?
False
Is 2600677 a composite number?
True
Is 41747401 a prime number?
True
Is 530731 a prime number?
True
Is 1099337 a prime number?
True
Is 572718467 prime?
False
Is 11700643 prime?
True
Is 11849681 a composite number?
True
Is 1449461 a prime number?
False
Is 32485919 prime?
True
Is 531691717 a prime number?
True
Is 1735231 composite?
True
Is 116185343 prime?
True
Is 24191491 composite?
True
Is 859433 composite?
False
Is 4851317 a composite number?
False
Is 22404229 composite?
False
Is 8632891 prime?
True
Is 28534853 prime?
True
Is 14069279 a prime number?
False
Is 3453397 composite?
True
Is 10866941 a composite number?
True
Is 162221522 a composite number?
True
Is 579427 a composite number?
False
Is 94715191 a prime number?
True
Is 16613242 a composite number?
True
Is 7717709 a composite number?
False
Is 8989199 prime?
True
Is 4602491 composite?
True
Is 3987517 a prime number?
True
Is 22574081 prime?
True
Is 54604471 a prime number?
True
Is 55821706 a composite number?
True
Is 11013427 a prime number?
True
Is 4345707 prime?
False
Is 98128357 a composite number?
False
Is 13717711 a composite number?
True
Is 12117053 a prime number?
False
Is 249747551 a prime number?
True
Is 22528081 a prime number?
False
Is 57701257 prime?
False
Is 808162 a prime number?
False
Is 6395401 composite?
True
Is 5649811 composite?
True
Is 123061417 composite?
True
Is 124197 composite?
True
Is 12220315 a composite number?
True
Is 319131899 a prime number?
True
Is 20747767 prime?
True
Is 4796237 prime?
True
Is 25653253 prime?
True
Is 1107349 prime?
False
Is 1179931 a composite number?
True
Is 34850797 composite?
False
Is 2740981 a composite number?
True
Is 1368377 a prime number?
True
Is 59627299 a composite number?
False
Is 20469531 a prime number?
False
Is 3010871 a prime number?
True
Is 41159879 composite?
False
Is 3754691 a composite number?
False
Is 4138807 a composite number?
False
Is 582132505 a prime number?
False
Is 11825729 composite?
True
Is 3305129 prime?
False
Is 2799553 prime?
False
Is 194392697 a composite number?
False
Is 247432109 a prime number?
True
Is 825828067 composite?
False
Is 20652181 a composite number?
True
Is 6870139 a composite number?
T